at is the remainder when 91 is divided by 39*(4 + -1*(-15)/(-5))?
13
Let l = -37 - -74. Suppose 5*j = -x + 29, -5*j = 5*x - 2*x - l. Suppose 0 = 4*u - 4, -2*t - u = 1 - 20. Calculate the remainder when t is divided by j.
4
Let t(f) = -19 - f**3 + 2*f**3 + 8*f**2 + 30 - 9*f. What is the remainder when 13*6*2/3 is divided by t(-9)?
8
Let q(a) = a**2 - 19*a - 17. Let g be q(20). Suppose g*j = -0*j + 18. Calculate the remainder when 22 is divided by j.
4
Let h(n) = 12*n + 57. Calculate the remainder when 59 is divided by h(-4).
5
Calculate the remainder when 675 is divided by -3*(-2)/18*(-2 + 80).
25
Suppose 2*h + 4*o = 0, -5*h - 3*o - 3 + 24 = 0. Calculate the remainder when 36 is divided by h.
0
Let u(v) = -v**2 + 15*v + 65. Calculate the remainder when u(13) is divided by 47.
44
Let o(k) = -6*k - 12. Let p = -21 + 13. Let j be o(p). Suppose 3*x = 7*x - j. What is the remainder when x is divided by 4?
1
Let s(g) = -3*g - 25. Let x be s(-14). Let b(r) = r**3 - 17*r**2 + 2*r - 21. What is the remainder when b(x) is divided by 5?
3
Let b(j) = 5*j**2. Suppose 0 = -6*z + 2*z + 12. Suppose -2*u + z*v - 9 = -4*u, 0 = -4*u - 2*v + 38. Calculate the remainder when u is divided by b(1).
2
Suppose 2*p = -6, -4*x = 5*p - 464 - 493. Suppose -5*t + 125 = u, 3*u - 5*t - 152 = x. Calculate the remainder when u is divided by 22.
20
Suppose 0 = -4*l + 23*j + 102 + 40, j + 92 = 2*l. Calculate the remainder when l is divided by (2 - (0 - -1))*6.
5
Suppose -2*m = h - 203, 663 = 5*m + 5*h + 153. Suppose -o = -5*o + 5*x + 146, -4*x = -2*o + 76. What is the remainder when m is divided by o?
33
Let h(x) = 23*x - 288. Calculate the remainder when h(16) is divided by 70.
10
Let w = -1952 - -1994. Suppose 2*m + 0*m - 22 = 0. What is the remainder when w is divided by m?
9
Suppose 235 = 4*r + y, 0*y + 285 = 5*r + 3*y. Let a(x) = x**3 - 2*x**2 + x - 1. Let t be a(2). Calculate the remainder when t*r/(-2 + 4) is divided by 16.
14
Suppose 3*k = -m + 22, -2*m + 2*k = 10 - 70. Suppose -u = -m - 4. What is the remainder when u is divided by 18?
14
Let i = 79 + -133. Let j be 2/(-4) + (-151)/(-2). Let f = j + i. What is the remainder when f is divided by 12?
9
Let c = -17 - -10. Let h = -4 - c. Calculate the remainder when 24 is divided by -1 - -12 - (-6 + h).
10
Let d(t) be the first derivative of t**4/4 + 7*t**3/3 - t**2/2 + 5*t + 30. What is the remainder when 46 is divided by d(-7)?
10
Let n(x) = x**2 - 11. Let w be n(11). Suppose -5*a + 586 = 4*p, -4*p - 12 = -a + w. Let k = a - 41. What is the remainder when k is divided by 16?
13
Let r = 566 - 506. Calculate the remainder when r is divided by 25.
10
Let x be (-4 - 0)*373*-1. Let f = x + -2242. Calculate the remainder when f/(-27) - (-6)/27 is divided by 15.
13
Let x(z) = z**3 - 3*z**2 - 2*z + 4. Suppose -q + 0 = 3*g - 16, -3*g + 5*q - 8 = 0. Let h = -2 - -48. What is the remainder when h is divided by x(g)?
10
Suppose -4*o = 5*t - 566 - 298, 4*t + 864 = 4*o. What is the remainder when o is divided by 63?
27
Calculate the remainder when -69*(34/(-6) + 5) is divided by 12.
10
Let q(r) = 7*r**2 - 39*r + 183. What is the remainder when q(9) is divided by 80?
79
Let l(a) = 74*a - 120. Calculate the remainder when l(6) is divided by 65.
64
What is the remainder when 324 is divided by (10/35)/((-5)/(-1435))?
78
Let v(h) = -9*h - 109. Calculate the remainder when v(-27) is divided by 55.
24
Let f(i) = 12*i - 30. Suppose -2*j - 4 = 2, -q + 4*j + 23 = 0. What is the remainder when f(q) is divided by 26?
24
Suppose -8*m + 5*m = -114. Suppose -8 = 3*i - m. Calculate the remainder when 14 is divided by i.
4
Suppose -4*k + 10*k = 624. Calculate the remainder when k is divided by 79.
25
What is the remainder when (0 - 4) + (-29 - -859) is divided by 92?
90
Suppose 5*f - 4*f = 2*j + 345, f - 350 = j. What is the remainder when f is divided by 72?
67
Let n(u) = -5 - 15 + 32 - u. Let o = -14 - -21. Calculate the remainder when 12 is divided by n(o).
2
Suppose 39*q = 1539 + 4038. What is the remainder when q is divided by 18?
17
Let i = -57 + 74. Calculate the remainder when (-16)/(-40) - (-328)/5 is divided by i.
15
Suppose 0 = -46*z + 9563 - 1375. What is the remainder when z is divided by 8?
2
Suppose 232 = -276*d + 280*d. Calculate the remainder when 111 is divided by d.
53
Let w = 11 + -8. Suppose 2*x = w + 5. Suppose -o - 282 = -x*o. Calculate the remainder when o is divided by 19.
18
Let m be (50/(-15))/((-6)/9). Suppose -m*f + 84 = -5*i - 61, 4*f - 111 = -i. Calculate the remainder when 55 is divided by f.
27
What is the remainder when 25 is divided by (3 + -4)*(-2 - 7)?
7
Let d(z) = z**3 + 20*z**2 + 17*z - 33. Calculate the remainder when 17 is divided by d(-19).
2
Let v = -84 - -58. Let o = v - -25. Calculate the remainder when 22 is divided by o/(-4) + (-124)/(-16).
6
Let k(j) = -6*j**2 - 8*j - 13. Let l(c) = 3*c**2 + 4*c + 6. Let m(i) = 2*k(i) + 5*l(i). Calculate the remainder when 75 is divided by m(-3).
18
Let z = -154 - -162. Calculate the remainder when 102 is divided by z.
6
Suppose -5*r + 273 = -282. What is the remainder when r is divided by 24?
15
Suppose 103 = 6*f + 7. What is the remainder when (-22)/4*40/(-2) is divided by f?
14
Suppose -2*h + 248 = 6*h. What is the remainder when 86 is divided by h?
24
Calculate the remainder when 2/((-3)/(-27) + 85/(-927)) is divided by 25.
3
Suppose -630*i = -642*i + 180. Let c(t) = 103*t**3 - t. What is the remainder when c(1) is divided by i?
12
Let k = 5 + 16. Suppose 0 = 3*o - u - 311, -4*o + 418 = 16*u - 19*u. What is the remainder when o is divided by k?
19
Let l = 1 + -2. Let s be (l - 0)/((-4)/(-32)). Let u = -1 - s. What is the remainder when 33 is divided by u?
5
Calculate the remainder when 257 is divided by ((-5)/((-25)/(-26)))/((-1)/5).
23
Let p be (-1 + (2 - 13))/((-25)/75). Suppose p = 35*i - 33*i. What is the remainder when ((1*138)/2)/1 is divided by i?
15
Let m(l) = -5*l + 36. What is the remainder when m(-8) is divided by 12?
4
Suppose -4*d - 16 = 0, -2*d + 2 = 3*g - 5. Suppose 0 = -4*a + g*a - 36. Calculate the remainder when a is divided by 10.
6
Let g(l) = l**3 - 19*l**2 - 38*l - 37. Suppose 102 = 6*k + 12. Calculate the remainder when g(21) is divided by k.
2
Let r = 6 + -3. Suppose r*f - 49 = 65. What is the remainder when 148 is divided by f?
34
Suppose 5 + 1 = 3*s. Suppose 2*o + 31 = 7*o + s*u, -2*o - u + 13 = 0. Let g(y) = -9*y. Calculate the remainder when g(-1) is divided by o.
4
Let s(j) = -3*j + 13*j + 11 + 5 + 2*j + 2*j**2. Let w be s(-11). Suppose 5*x + 2*f = w, -4*f = 3*x - 6*x + 60. Calculate the remainder when 70 is divided by x.
22
Let m = 517 - 498. What is the remainder when 35 is divided by m?
16
Let w = -117 + 41. Let d = -62 - w. What is the remainder when 17 is divided by d?
3
Let n(q) be the second derivative of -q**3/3 + 9*q**2/2 - 3*q. Calculate the remainder when 11 is divided by n(1).
4
Suppose -57 = -3*c + c - 3*y, -103 = -4*c + 5*y. Calculate the remainder when 7 is divided by c/(-1 + 4) + -4.
2
Let s = 276 - -218. Calculate the remainder when s is divided by 45.
44
Let u(j) = 2*j**2 - 12*j + 9. Calculate the remainder when u(12) is divided by 32.
25
Suppose 9*l = 506 + 331. What is the remainder when 832 is divided by l?
88
Suppose 8 = 3*o + 2*u - 7, 0 = 4*o - 2*u - 34. What is the remainder when ((-8)/(-4))/((1 + 2)/48) is divided by o?
4
Suppose -l - 5 = -6*l. Let p be (2/l)/((-6)/9). Calculate the remainder when 2 + (-3 - p) + 33 is divided by 9.
8
Suppose 0 = -7*p + 6*p + 3. Suppose -8*n + p*n - 16 = h, 4*n + 32 = 4*h. Let x = n - -16. Calculate the remainder when 22 is divided by x.
10
Let a(j) = 2*j**3 - 4*j**2 - 7*j - 6. Let d be a(6). Suppose d = 3*k + 66. What is the remainder when k is divided by 16?
10
Let m = -550 - -565. What is the remainder when 68 is divided by m?
8
Suppose 0 = -5*x, -5*x - 66 = -7*f + 6*f. What is the remainder when 259 is divided by f?
61
Let k(y) = -y**3 + 22*y**2 - 40*y + 18. Suppose f = -u + 60, f - 2*u - 61 = 11. What is the remainder when f is divided by k(20)?
10
Suppose -3*d + 77 = 2*b, -2*d - 2*b + 74 = 20. Calculate the remainder when 63 is divided by d.
17
Suppose 0*x - x = -56. Suppose 58*b - x*b - 46 = 0. What is the remainder when b is divided by 10?
3
Let b(w) = 121*w**2 + 1. Let 